{"id":88,"date":"2021-11-07T22:49:33","date_gmt":"2021-11-07T21:49:33","guid":{"rendered":"https:\/\/einzelspiel.podcaster.de\/index.php\/podcasts__trashed\/einzelspiel\/"},"modified":"2026-04-13T02:24:06","modified_gmt":"2026-04-13T00:24:06","slug":"einzelspiel","status":"publish","type":"page","link":"https:\/\/einzelspiel.podcaster.de\/index.php\/podcasts\/einzelspiel\/","title":{"rendered":"Einzelspiel &#8211; ein Podcast \u00fcber Solo Brettspiele"},"content":{"rendered":"<p>Christian und Peter reden alle 2 Wochen gemeinsam \u00fcber Solo Brettspiele. Die Episoden behandeln abwechselnd eine tiefergehende Besprechung eines Spiels und ein \u00fcbergeordnetes Thema zum Solo Spielen.<\/p>\n","protected":false},"excerpt":{"rendered":"<p>Christian und Peter reden alle 2 Wochen gemeinsam \u00fcber Solo Brettspiele. Die Episoden behandeln abwechselnd eine tiefergehende Besprechung eines Spiels und ein \u00fcbergeordnetes Thema zum Solo Spielen.<\/p>\n","protected":false},"author":0,"featured_media":0,"parent":94,"menu_order":0,"comment_status":"closed","ping_status":"closed","template":"podcast.php","meta":{"footnotes":""},"class_list":["post-88","page","type-page","status-publish","hentry"],"_links":{"self":[{"href":"https:\/\/einzelspiel.podcaster.de\/index.php\/wp-json\/wp\/v2\/pages\/88","targetHints":{"allow":["GET"]}}],"collection":[{"href":"https:\/\/einzelspiel.podcaster.de\/index.php\/wp-json\/wp\/v2\/pages"}],"about":[{"href":"https:\/\/einzelspiel.podcaster.de\/index.php\/wp-json\/wp\/v2\/types\/page"}],"replies":[{"embeddable":true,"href":"https:\/\/einzelspiel.podcaster.de\/index.php\/wp-json\/wp\/v2\/comments?post=88"}],"version-history":[{"count":3,"href":"https:\/\/einzelspiel.podcaster.de\/index.php\/wp-json\/wp\/v2\/pages\/88\/revisions"}],"predecessor-version":[{"id":114,"href":"https:\/\/einzelspiel.podcaster.de\/index.php\/wp-json\/wp\/v2\/pages\/88\/revisions\/114"}],"up":[{"embeddable":true,"href":"https:\/\/einzelspiel.podcaster.de\/index.php\/wp-json\/wp\/v2\/pages\/94"}],"wp:attachment":[{"href":"https:\/\/einzelspiel.podcaster.de\/index.php\/wp-json\/wp\/v2\/media?parent=88"}],"curies":[{"name":"wp","href":"https:\/\/api.w.org\/{rel}","templated":true}]}}